ulate the remainder when 3932 is divided by 37.
10
Calculate the remainder when 264417 is divided by 89.
87
Calculate the remainder when 216 is divided by 76.
64
What is the remainder when 42178 is divided by 599?
248
Calculate the remainder when 5116 is divided by 359.
90
What is the remainder when 61674 is divided by 8806?
32
What is the remainder when 64418 is divided by 6438?
38
Calculate the remainder when 3042 is divided by 9.
0
Calculate the remainder when 4792 is divided by 210.
172
What is the remainder when 4938 is divided by 52?
50
Calculate the remainder when 24584 is divided by 849.
812
Calculate the remainder when 919 is divided by 861.
58
What is the remainder when 27225 is divided by 43?
6
Calculate the remainder when 9562 is divided by 2361.
118
What is the remainder when 2391 is divided by 63?
60
Calculate the remainder when 2977 is divided by 1947.
1030
Calculate the remainder when 353317 is divided by 146.
143
What is the remainder when 282079 is divided by 33?
28
What is the remainder when 1999 is divided by 656?
31
What is the remainder when 7440 is divided by 531?
6
Calculate the remainder when 51702 is divided by 16.
6
Calculate the remainder when 106670 is divided by 7.
4
What is the remainder when 246975 is divided by 544?
543
Calculate the remainder when 3835 is divided by 213.
1
What is the remainder when 9792 is divided by 193?
142
Calculate the remainder when 20928 is divided by 187.
171
What is the remainder when 59877 is divided by 394?
383
Calculate the remainder when 33158 is divided by 276.
38
What is the remainder when 15135 is divided by 1507?
65
Calculate the remainder when 495835 is divided by 764.
763
Calculate the remainder when 5698 is divided by 465.
118
What is the remainder when 519 is divided by 249?
21
What is the remainder when 502790 is divided by 107?
104
What is the remainder when 40150 is divided by 3?
1
What is the remainder when 35748 is divided by 347?
7
Calculate the remainder when 735634 is divided by 408.
10
Calculate the remainder when 67634 is divided by 37.
35
Calculate the remainder when 653566 is divided by 444.
442
What is the remainder when 46009 is divided by 426?
1
What is the remainder when 382714 is divided by 80?
74
Calculate the remainder when 389250 is divided by 92.
90
Calculate the remainder when 125686 is divided by 62838.
10
Calculate the remainder when 766302 is divided by 176.
174
Calculate the remainder when 24500 is divided by 132.
80
What is the remainder when 5536 is divided by 225?
136
Calculate the remainder when 92 is divided by 36.
20
What is the remainder when 83368 is divided by 41680?
8
Calculate the remainder when 17284 is divided by 1017.
1012
Calculate the remainder when 7864 is divided by 1569.
19
Calculate the remainder when 6884 is divided by 22.
20
What is the remainder when 25431 is divided by 38?
9
Calculate the remainder when 72522 is divided by 6592.
10
What is the remainder when 30222 is divided by 5018?
114
What is the remainder when 163579 is divided by 54510?
49
What is the remainder when 4336 is divided by 257?
224
What is the remainder when 3329160 is divided by 209?
208
Calculate the remainder when 985795 is divided by 82.
73
What is the remainder when 10148 is divided by 39?
8
Calculate the remainder when 29835 is divided by 3725.
35
Calculate the remainder when 12416 is divided by 521.
433
What is the remainder when 935570 is divided by 332?
326
Calculate the remainder when 12455 is divided by 402.
395
Calculate the remainder when 18466 is divided by 81.
79
Calculate the remainder when 28442 is divided by 609.
428
Calculate the remainder when 17916 is divided by 70.
66
What is the remainder when 1934 is divided by 378?
44
Calculate the remainder when 130758 is divided by 17.
11
What is the remainder when 10570 is divided by 179?
9
Calculate the remainder when 1691 is divided by 307.
156
Calculate the remainder when 63051 is divided by 62.
59
What is the remainder when 5953 is divided by 98?
73
Calculate the remainder when 7504 is divided by 9.
7
Calculate the remainder when 9432 is divided by 2313.
180
What is the remainder when 70515 is divided by 153?
135
Calculate the remainder when 30780 is divided by 59.
41
What is the remainder when 777 is divided by 107?
28
What is the remainder when 29193 is divided by 139?
3
Calculate the remainder when 5477 is divided by 1841.
1795
What is the remainder when 11381 is divided by 1128?
101
Calculate the remainder when 32053 is divided by 50.
3
What is the remainder when 381600 is divided by 393?
390
What is the remainder when 932 is divided by 68?
48
What is the remainder when 28775 is divided by 7122?
287
What is the remainder when 453 is divided by 142?
27
What is the remainder when 7997 is divided by 1599?
2
What is the remainder when 151 is divided by 109?
42
What is the remainder when 374 is divided by 32?
22
What is the remainder when 396473 is divided by 944?
937
Calculate the remainder when 78396 is divided by 490.
486
What is the remainder when 483195 is divided by 241597?
1
What is the remainder when 10158 is divided by 8?
6
Calculate the remainder when 37477 is divided by 963.
883
What is the remainder when 10611 is divided by 23?
8
What is the remainder when 1510 is divided by 150?
10
Calculate the remainder when 1133 is divided by 472.
189
Calculate the remainder when 11087 is divided by 56.
55
Calculate the remainder when 280013 is divided by 40001.
6
What is the remainder when 60731 is divided by 106?
99
What is the remainder when 1591 is divided by 270?
241
Calculate the remainder when 46369 is divided by 579.
49
Calculate the remainder when 91798 is divided by 45.
43
What is the remainder when 70027 is divided by 10002?
13
What is the remainder when 61959 is divided by 139?
104
Calculate the remainder when 4164 is divided by 45.
24
Calculate the remainder when 17801 is divided by 193.
45
What is the remainder when 7840 is divided by 33?
19
What is the remainder when 24309 is divided by 15?
9
Calculate the remainder when 24956 is divided by 556.
492
Calculate the remainder when 574 is divided by 45.
34
What is the remainder when 290158 is divided by 130?
128
Calculate the remainder when 7139 is divided by 7123.
16
What is the remainder when 33814 is divided by 284?
18
What is the remainder when 28311 is divided by 295?
286
What is the remainder when 3161124 is divided by 201?
198
What is the remainder when 23672 is divided by 252?
236
What is the remainder when 6205 is divided by 896?
829
Calculate the remainder when 68009 is divided by 694.
691
Calculate the remainder when 5853 is divided by 138.
57
What is the remainder when 2103 is divided by 958?
187
What is the remainder when 18242 is divided by 446?
402
What is the remainder when 1648 is divided by 530?
58
Calculate the remainder when 426 is divided by 16.
10
What is the remainder when 188762 is divided by 810?
32
Calculate the remainder when 11623 is divided by 3852.
67
Calculate the remainder when 5328 is divided by 588.
36
What is the remainder when 2873613 is divided by 298?
297
What is the remainder when 34617 is divided by 540?
57
What is the remainder when 27993 is divided by 27?
21
Calculate the remainder when 257544 is divided by 29.
24
What is the remainder when 3544 is divided by 141?
19
Calculate the remainder when 833 is divided by 256.
65
Calculate the remainder when 268 is divided by 244.
24
What is the remainder when 29753 is divided by 13?
9
Calculate the remainder when 11878 is divided by 565.
13
What is the remainder when 22528 is divided by 110?
88
Calculate the remainder when 489 is divided by 388.
101
Calculate the remainder when 45215 is divided by 85.
80
What is the remainder when 9969 is divided by 54?
33
Calculate the remainder when 3897 is divided by 924.
201
Calculate the remainder when 157492 is divided by 932.
916
Calculate the remainder when 12921 is divided by 2113.
243
Calculate the remainder when 82557 is divided by 54.
45
Calculate the remainder when 1432 is divided by 16.
8
Calculate the remainder when 191759 is divided by 1400.
1359
Calculate the remainder when 644461 is divided by 36.
25
What is the remainder when 13282 is divided by 4392?
106
Calculate the remainder when 1577497 i